le of 6?
True
Does 407 divide 2043319894?
True
Is 2581398 a multiple of 141?
False
Does 141 divide 1141068110?
False
Is 1190932573 a multiple of 227?
True
Is 783 a factor of 96188418?
True
Is 82 a factor of 1953320196?
True
Does 80 divide 1926198160?
True
Does 17 divide 51012452?
False
Is 15 a factor of 258959145?
True
Is 577670535 a multiple of 4509?
True
Is 8 a factor of 241019734?
False
Is 1137 a factor of 113388475?
False
Is 9385513 a multiple of 17?
True
Does 348 divide 1090490014?
False
Is 61579268 a multiple of 86?
True
Is 46 a factor of 24741974?
True
Is 3410 a factor of 463158816?
False
Is 14 a factor of 31471663?
False
Is 23499086 a multiple of 494?
True
Does 19 divide 24667871?
True
Is 36 a factor of 58807880?
False
Is 39 a factor of 5736015?
False
Is 882 a factor of 75750830?
False
Is 44 a factor of 555117616?
False
Is 50480607 a multiple of 4?
False
Is 217 a factor of 3447772403?
False
Is 2370248715 a multiple of 42?
False
Is 16802688 a multiple of 21?
True
Does 108 divide 28755533?
False
Does 7 divide 3072496?
True
Is 25 a factor of 1652081350?
True
Does 136 divide 18485583?
False
Is 96420534 a multiple of 49?
True
Does 187 divide 484997216?
True
Is 260037747 a multiple of 1017?
True
Is 1839 a factor of 76975023?
True
Is 424 a factor of 313003125?
False
Is 85 a factor of 1769775832?
False
Is 79 a factor of 85154507?
False
Is 52158883 a multiple of 4?
False
Is 45754761 a multiple of 745?
False
Does 154 divide 60802282?
False
Is 5 a factor of 14253670?
True
Is 2306 a factor of 1110077233?
False
Is 1978534258 a multiple of 68?
False
Is 45 a factor of 27842680?
False
Is 2265 a factor of 138494867?
False
Is 252 a factor of 20668032?
True
Is 25925090 a multiple of 65?
False
Does 1139 divide 239625098?
True
Is 376 a factor of 1655704?
False
Is 267498218 a multiple of 13?
True
Is 27 a factor of 543299643?
True
Is 681 a factor of 96919635?
False
Is 296776378 a multiple of 17?
True
Does 5 divide 3092195?
True
Does 1328 divide 36215820?
False
Is 469693280 a multiple of 802?
False
Is 316290872 a multiple of 152?
True
Is 1496922833 a multiple of 11?
False
Is 1396487244 a multiple of 348?
False
Is 20861507 a multiple of 36?
False
Is 674 a factor of 6035670?
True
Is 6 a factor of 26808276?
True
Does 98 divide 351134?
True
Is 988 a factor of 797886076?
True
Does 123 divide 8875083?
False
Does 15 divide 658566305?
False
Does 81 divide 39365919?
True
Is 3044439 a multiple of 12?
False
Is 111174657 a multiple of 1397?
True
Does 2320 divide 74183467?
False
Is 211806556 a multiple of 308?
False
Does 21 divide 185187114?
True
Is 87 a factor of 48009246?
False
Is 4 a factor of 87368035?
False
Is 3026448 a multiple of 72?
True
Is 41281338 a multiple of 3043?
True
Does 2333 divide 2995809966?
True
Is 41043400 a multiple of 25?
True
Is 624094410 a multiple of 331?
False
Does 496 divide 3206151936?
True
Is 976117920 a multiple of 2572?
False
Is 71285800 a multiple of 25?
True
Is 10540763 a multiple of 402?
False
Is 2162 a factor of 896299393?
False
Does 5141 divide 1177818881?
False
Does 11 divide 278216697?
True
Does 50 divide 70352250?
True
Is 320765051 a multiple of 1243?
False
Is 1284472290 a multiple of 465?
True
Is 3273736133 a multiple of 30?
False
Is 338830172 a multiple of 171?
False
Does 525 divide 3893434650?
True
Is 116 a factor of 1045953843?
False
Is 51 a factor of 23933501?
False
Does 34 divide 108036862?
False
Is 1659954516 a multiple of 1009?
False
Is 34331487 a multiple of 70?
False
Does 598 divide 232363664?
True
Does 604 divide 637880776?
True
Does 681 divide 20773415?
False
Is 162820663 a multiple of 2395?
False
Is 137575336 a multiple of 2613?
False
Is 29 a factor of 207859385?
True
Does 4 divide 338757?
False
Is 78498892 a multiple of 1724?
True
Does 741 divide 108598737?
True
Does 2 divide 14706851?
False
Does 122 divide 749035506?
False
Does 7 divide 2355177?
False
Is 8 a factor of 2450779744?
True
Does 2863 divide 571299405?
False
Does 1184 divide 179521632?
True
Is 7531 a factor of 1423176732?
False
Does 61 divide 373043304?
True
Does 4069 divide 245411059?
False
Does 9 divide 33904962?
True
Does 18 divide 4814235?
False
Is 38 a factor of 99026822?
True
Is 985 a factor of 6377206185?
True
Does 2984 divide 1593494792?
True
Does 292 divide 2506528?
True
Is 1796301 a multiple of 117?
True
Does 15 divide 145613565?
True
Does 72 divide 5105590?
False
Does 1804 divide 750173556?
True
Does 159 divide 1626506241?
True
Does 209 divide 84844177?
True
Is 320559466 a multiple of 6?
False
Is 24309728 a multiple of 32?
True
Does 2792 divide 57090816?
True
Does 13 divide 4457938706?
True
Does 17 divide 2150141?
False
Is 29 a factor of 6908076?
False
Is 909189 a multiple of 9?
True
Does 7 divide 11871367?
False
Does 6 divide 11454730?
False
Is 559 a factor of 526472349?
True
Does 2111 divide 1221647161?
False
Is 20674500 a multiple of 716?
True
Is 127540490 a multiple of 770?
True
Is 4283258106 a multiple of 366?
True
Does 291 divide 294305816?
False
Does 2074 divide 1274980394?
False
Is 110 a factor of 230475410?
True
Is 573 a factor of 97413438?
True
Does 825 divide 285980341?
False
Is 8943712 a multiple of 51?
False
Does 2460 divide 152762758?
False
Does 9 divide 12908124?
True
Is 2197067475 a multiple of 1985?
True
Does 73 divide 840325046?
True
Does 38 divide 14940726?
True
Is 1083 a factor of 67504473?
True
Is 85 a factor of 414274105?
True
Is 10 a factor of 27695280?
True
Does 133 divide 2232923332?
False
Does 329 divide 512125019?
True
Is 91 a factor of 20206914?
True
Does 146 divide 10486666?
False
Does 41 divide 215338437?
True
Is 21657350 a multiple of 26?
True
Is 893809125 a multiple of 1125?
True
Is 1016 a factor of 742749082?
False
Is 2862 a factor of 124511310?
True
Is 1673 a factor of 674066757?
True
Is 497 a factor of 1006014975?
True
Is 248 a factor of 16372464?
True
Is 30631844 a multiple of 328?
False
Is 3644933157 a multiple of 13?
False
Is 9881242 a multiple of 90?
False
Is 13778567 a multiple of 262?
False
Is 1264 a factor of 366159312?
True
Does 150 divide 3854100?
True
Does 685 divide 249277665?
True
Is 4772 a factor of 2800771469?
False
Is 39075661 a multiple of 304?
False
Does 6 divide 1227984?
True
Is 209869752 a multiple of 4118?
True
Is 17 a factor of 52702516?
True
Does 489 divide 292505703?
False
Is 6982 a factor of 1070092546?
False
Does 4777 divide 1226189022?
True
Is 470 a factor of 189116250?
True
Is 312 a factor of 73168315?
False
Is 170 a factor of 55404530?
True
Is 292 a factor of 1127002908?
True
Is 3253957057 a multiple of 199?
True
Does 1005 divide 265519995?
True
Is 53395775 a multiple of 8?
False
Is 605 a factor of 250779155?
True
Is 280852957 a multiple of 57?
False
Does 5 divide 104184?
False
Is 14 a factor of 1062856538?
False
Does 405 divide 3487963680?
True
Is 1409251404 a multiple of 33?
True
Is 18815560 a multiple of 17?
False
Does 3 divide 803502568?
False
Does 5333 divide 5085415475?
True
Is 12 a factor of 2028238476?
True
Is 36 a factor of 14739972?
False
Is 66250600 a multiple of 5912?
False
Does 3282 divide 67552448?
False
Does 37 divide 15196085?
True
Is 3362064 a multiple of 1424?
True
Does 26 divide 378617798?
True
Does 103 divide 1158220647?
False
Is 128016875 a multiple of 625?
True
Does 42 divide 19544438?
False
Does 118 divide 43463294?
True
Does 96 divide 32575031?
False
Is 58 a factor of 735682730?
True
Is 170 a factor of 231481010?
True
Does 12 divide 58175748?
True
Does 10 divide 334454447?
False
Is 1570623 a multiple of 3?
True
Is 22 a factor of 13340960?
False
Is 114 a factor of 1903555?
False
Is 223 a factor of 30653803?
True
Is 4838100 a multiple of 300?
True
Is 6219618 a multiple of 6?
True
Is 1423 a factor of 51297727?
True
Does 438 divide 1345536?
True
Is 296 a factor of 199163154?
False
Does 70 divide 4670089933?
False
Is 739154 a multiple of 1153?
False
Does 78 divide 38270856?
True
Is 287837118 a multiple of 5358?
True
Is 580330406 a multiple of 5?
False
Does 256 divide 25551737?
False
Is 31 a factor of 95688184?
False
Does 376 divide 2252256908?
False
Is 25593536 a multiple of 307?
False
Is 12 a factor of 45389352?
True
Is 5836 a factor of 435879168?
True
Does 27 divide 31485294?
True
Is 185 a factor of 2136565?
True
Does 1333 divide 94396395?
True
Is 33 a factor 